Cliccate su un Anno o un Mese per visualizzare il corrispondente resoconto
Resoconto relativo a 2023 Giu
Monthly Climatological Summary for giu 2023 Name: Oregon City: Soresina State: Italia Elevation: 70 m Lat: N 45° 17' 27" Lon: E 009° 50' 41" Temperature (°C), Rain (mm), Wind Speed (km/h) Heat Cool Avg Mean Deg Deg Wind Dom Day Temp High Time Low Time Days Days Rain Speed High Time Dir ---------------------------------------------------------------------------------- 1 25,8 33,1 17:24 20,6 05:34 0,0 7,5 0,0 0,7 12,6 13:29 OSO 2 26,3 34,4 16:59 20,4 06:40 0,0 8,0 0,0 1,3 20,5 18:32 SSO 3 24,0 30,8 15:37 19,1 05:15 0,0 5,7 27,6 1,9 20,9 00:53 NE 4 22,8 29,3 15:30 18,8 21:07 0,0 4,5 16,9 2,4 19,8 20:28 ENE 5 20,3 24,4 16:49 18,4 06:11 0,0 2,0 5,4 1,4 13,7 16:51 ENE 6 23,5 31,5 16:45 18,3 06:03 0,0 5,2 0,0 1,6 14,0 20:20 ENE 7 23,9 31,6 16:56 19,4 06:33 0,0 5,6 0,0 1,9 18,0 19:21 ESE 8 25,1 32,8 16:02 18,7 05:27 0,0 6,8 0,0 0,7 11,5 15:22 SSO 9 25,1 30,5 15:35 20,6 06:17 0,0 6,8 0,0 0,8 10,1 11:43 NNO 10 25,3 31,9 16:23 21,6 05:15 0,0 7,0 0,0 0,9 10,4 13:39 S 11 26,5 33,1 14:56 20,3 06:25 0,0 8,2 0,7 2,0 28,4 23:28 ENE 12 25,9 33,6 16:46 20,4 05:55 0,0 7,6 4,7 1,0 11,9 00:49 NE 13 24,2 28,7 15:06 20,6 06:01 0,0 5,9 0,0 5,0 23,4 04:36 ENE 14 25,2 32,5 16:49 20,9 05:59 0,0 6,9 0,0 1,8 13,7 12:26 ENE 15 26,1 33,7 17:15 20,1 06:47 0,0 7,8 0,0 1,7 12,6 19:05 ENE 16 26,9 34,7 16:56 20,5 06:58 0,0 8,5 0,0 2,0 13,0 04:15 ENE 17 27,3 35,5 17:04 20,6 06:06 0,0 9,0 0,0 1,4 10,4 03:03 NNE 18 27,0 35,9 16:27 20,6 06:01 0,0 8,7 0,0 1,5 12,6 08:59 NE 19 27,8 35,9 17:18 22,0 05:49 0,0 9,5 0,0 1,1 9,4 10:03 OSO 20 27,7 32,9 16:13 23,1 07:30 0,0 9,4 0,0 1,8 6,5 00:17 S 21 28,0 34,5 17:48 21,9 06:46 0,0 9,7 0,0 1,5 7,6 17:47 O 22 29,0 35,1 14:48 24,3 05:50 0,0 10,7 0,2 1,6 10,1 22:34 S 23 29,4 37,3 17:02 23,9 03:53 0,0 11,1 0,0 3,7 11,5 08:03 SSO 24 29,2 37,2 17:04 22,6 06:06 0,0 10,8 0,0 0,8 6,5 21:39 SSE 25 28,8 36,3 16:14 23,7 06:11 0,0 10,5 0,2 1,0 8,6 07:33 NE 26 29,3 37,8 16:33 22,5 06:23 0,0 11,0 0,0 0,0 0,0 00:00 --- 27 29,8 36,8 16:44 24,4 06:45 0,0 11,5 0,0 0,6 12,2 23:31 ENE 28 27,2 33,8 15:45 23,1 05:55 0,0 8,9 0,0 4,8 12,2 03:21 ENE 29 27,5 35,2 16:26 22,6 05:44 0,0 9,2 0,0 3,0 13,0 00:53 NE 30 23,2 26,2 10:12 20,8 23:06 0,0 4,9 11,6 4,8 11,9 09:57 SSE ---------------------------------------------------------------------------------- 26,3 37,8 26 18,3 6 0,0 238,9 67,3 1,8 28,4 11 E Max >= 27,0: 28 Max <= 0,0: 0 Min <= 0,0: 0 Min <= -18,0: 0 Max Rain: 27,6 on day 3 Days of Rain: 8 (>= 0,2 mm) 5 (>= 2,0 mm) 1 (>= 20,0 mm) Heat Base: 18,3 Cool Base: 18,3 Method: Integration