Cliccate su un Anno o un Mese per visualizzare il corrispondente resoconto
Resoconto relativo a 2023 Apr
Monthly Climatological Summary for apr 2023 Name: Oregon City: Soresina State: Italia Elevation: 70 m Lat: N 45° 17' 27" Lon: E 009° 50' 41" Temperature (°C), Rain (mm), Wind Speed (km/h) Heat Cool Avg Mean Deg Deg Wind Dom Day Temp High Time Low Time Days Days Rain Speed High Time Dir ---------------------------------------------------------------------------------- 1 15,0 24,2 15:36 8,5 07:23 4,1 0,9 0,0 2,1 20,5 12:38 O 2 15,7 24,3 15:55 10,4 07:30 3,5 0,9 0,5 2,2 23,4 15:47 ENE 3 14,5 21,8 15:31 8,9 07:41 4,3 0,5 0,0 4,5 24,5 23:20 E 4 12,4 19,8 16:00 8,1 07:03 6,0 0,1 0,0 3,8 17,3 13:12 E 5 11,3 19,2 16:07 6,2 06:26 7,0 0,0 0,0 3,6 18,0 09:33 E 6 11,9 21,1 15:55 4,6 07:14 6,6 0,2 0,0 1,6 13,7 12:46 SSO 7 11,9 17,2 15:58 6,7 06:53 6,4 0,0 0,0 1,6 17,3 18:44 E 8 14,1 23,6 16:00 7,6 07:28 5,1 0,8 0,5 2,5 32,0 19:42 E 9 14,6 23,1 16:02 9,9 07:04 4,2 0,5 0,0 3,9 17,6 11:15 E 10 15,0 23,0 16:33 8,8 07:05 4,0 0,8 0,0 3,2 15,8 09:23 ENE 11 16,5 24,4 16:23 11,2 06:37 2,9 1,1 0,0 2,0 19,1 12:51 O 12 14,8 19,7 14:49 11,8 06:11 3,5 0,1 0,8 3,3 20,2 13:40 ENE 13 11,2 13,8 13:51 8,8 21:28 7,1 0,0 30,2 3,2 20,5 16:44 NNE 14 13,8 23,6 16:21 7,7 07:50 5,3 0,8 0,0 2,2 19,4 17:23 SO 15 15,0 23,1 17:09 8,9 06:11 4,1 0,7 0,0 3,7 20,9 19:29 ENE 16 15,6 24,6 16:05 9,4 06:47 3,8 1,1 0,8 3,0 19,8 21:58 ESE 17 15,1 22,4 16:52 9,8 07:54 3,6 0,4 0,0 1,3 14,8 16:22 SSE 18 17,6 27,1 15:30 11,6 07:22 2,4 1,7 0,0 1,4 14,0 16:03 SE 19 18,5 27,6 16:26 11,8 07:07 2,1 2,3 0,0 3,4 21,2 19:31 ENE 20 14,7 19,3 16:46 12,7 23:27 3,6 0,0 1,0 8,6 29,2 16:53 ENE 21 16,2 21,9 16:16 12,5 01:31 2,7 0,6 0,0 4,3 17,3 01:26 ENE 22 18,2 26,4 16:44 11,7 07:32 2,2 2,1 0,0 0,9 10,4 14:28 ONO 23 20,1 26,9 14:28 15,4 06:23 0,7 2,5 0,0 2,0 15,8 22:36 NNE 24 20,8 28,4 17:01 15,3 06:28 0,6 2,4 3,4 3,9 20,2 23:09 NNO 25 16,3 23,7 14:33 12,7 23:52 2,6 0,6 0,0 4,8 24,5 01:25 E 26 16,8 25,8 15:49 9,5 06:16 3,4 1,9 0,0 1,3 14,8 13:37 E 27 18,7 27,6 15:54 12,1 06:43 2,0 2,3 0,0 3,7 15,5 15:15 ENE 28 19,5 27,8 15:33 13,3 05:49 1,6 2,8 0,0 2,6 11,9 14:28 ENE 29 19,2 24,3 16:00 16,0 05:36 0,7 1,6 0,5 1,3 9,4 20:03 SE 30 19,5 23,5 15:39 15,8 06:59 0,5 1,7 0,0 5,4 22,0 11:59 ENE ---------------------------------------------------------------------------------- 15,8 28,4 24 4,6 6 106,6 31,4 37,7 3,0 32,0 8 ENE Max >= 27,0: 5 Max <= 0,0: 0 Min <= 0,0: 0 Min <= -18,0: 0 Max Rain: 30,2 on day 13 Days of Rain: 8 (>= 0,2 mm) 2 (>= 2,0 mm) 1 (>= 20,0 mm) Heat Base: 18,3 Cool Base: 18,3 Method: Integration