Cliccate su un Anno o un Mese per visualizzare il corrispondente resoconto
Resoconto relativo a 2022 Giu
Monthly Climatological Summary for giu 2022 Name: Oregon City: Soresina State: Italia Elevation: 70 m Lat: N 45° 17' 27" Lon: E 009° 50' 41" Temperature (°C), Rain (mm), Wind Speed (km/h) Heat Cool Avg Mean Deg Deg Wind Dom Day Temp High Time Low Time Days Days Rain Speed High Time Dir ---------------------------------------------------------------------------------- 1 24,2 30,6 17:55 16,6 05:56 0,2 6,0 0,0 1,0 9,7 17:07 OSO 2 26,3 33,3 17:43 19,0 05:27 0,0 8,0 0,0 1,3 9,7 14:46 O 3 23,3 26,2 11:46 20,4 23:52 0,0 5,0 1,1 2,2 15,8 11:47 E 4 25,3 33,9 16:43 17,9 05:32 0,0 7,0 0,0 1,1 11,5 13:37 OSO 5 25,3 32,2 17:27 20,7 06:25 0,0 7,0 4,9 3,2 20,2 15:27 ESE 6 25,2 31,6 17:29 17,2 05:40 0,1 7,0 0,0 1,9 10,8 14:12 SSE 7 23,4 28,9 17:18 19,1 13:37 0,0 5,1 22,0 2,4 16,9 08:36 NE 8 21,9 28,0 15:15 15,8 05:49 0,3 3,9 0,5 2,5 19,1 18:26 ENE 9 22,2 28,6 15:39 17,5 23:53 0,0 3,9 0,0 2,6 23,8 17:32 NNE 10 23,7 32,9 16:05 15,5 04:07 0,7 6,1 0,0 2,1 10,4 08:01 SO 11 25,6 33,7 17:59 17,2 05:42 0,1 7,4 0,0 1,6 14,8 09:40 ENE 12 27,0 35,0 16:48 19,4 05:40 0,0 8,7 0,0 1,3 9,7 09:13 E 13 27,5 34,9 16:53 21,4 03:23 0,0 9,2 0,0 3,4 12,6 11:21 S 14 26,6 31,4 16:34 21,6 05:15 0,0 8,3 0,0 2,8 20,9 09:30 ENE 15 27,3 33,0 16:10 21,4 06:11 0,0 9,0 0,0 3,0 12,2 01:34 ESE 16 29,5 35,5 15:56 21,1 04:56 0,0 11,2 0,0 1,2 11,9 00:19 NE 17 29,7 34,8 00:00 23,5 06:03 0,0 11,4 0,0 2,7 9,7 12:18 S 18 28,5 34,4 00:00 23,2 06:05 0,0 10,2 0,0 6,0 17,6 12:08 ESE 19 28,4 33,8 15:37 21,8 05:22 0,0 10,1 0,0 3,0 13,0 09:15 E 20 28,7 36,5 17:43 20,9 05:20 0,0 10,4 0,0 2,1 9,7 14:08 S 21 28,5 35,3 16:10 21,6 06:10 0,0 10,2 0,0 3,2 10,8 14:52 SSO 22 25,7 29,8 15:51 21,9 23:59 0,0 7,4 0,6 1,4 11,9 13:59 ENE 23 26,2 31,3 11:36 20,3 05:55 0,0 7,9 0,2 1,9 11,5 10:50 NO 24 24,7 31,5 14:17 19,3 05:58 0,0 6,4 2,3 2,6 18,0 16:49 ESE 25 25,6 33,4 18:10 17,3 05:30 0,1 7,3 0,0 1,5 11,2 10:30 OSO 26 27,5 34,1 17:42 20,1 05:32 0,0 9,2 0,0 3,0 16,2 12:20 NE 27 28,8 34,3 16:08 21,6 05:28 0,0 10,5 0,0 4,0 20,9 12:27 ENE 28 26,7 30,0 11:29 19,7 23:50 0,0 8,4 4,9 3,5 25,2 17:47 NE 29 26,1 34,4 16:59 19,2 00:44 0,0 7,7 0,0 2,5 17,6 10:53 SO 30 28,2 34,9 16:59 20,8 05:14 0,0 9,9 0,0 1,7 12,6 13:35 OSO ---------------------------------------------------------------------------------- 26,3 36,5 20 15,5 10 1,5 239,8 36,5 2,4 25,2 28 ESE Max >= 27,0: 29 Max <= 0,0: 0 Min <= 0,0: 0 Min <= -18,0: 0 Max Rain: 22,0 on day 7 Days of Rain: 8 (>= 0,2 mm) 4 (>= 2,0 mm) 1 (>= 20,0 mm) Heat Base: 18,3 Cool Base: 18,3 Method: Integration