Cliccate su un Anno o un Mese per visualizzare il corrispondente resoconto
Resoconto relativo a 2021 Giu
Monthly Climatological Summary for giu 2021 Name: Oregon City: Soresina State: Italia Elevation: 70 m Lat: N 45° 17' 27" Lon: E 009° 50' 41" Temperature (°C), Rain (mm), Wind Speed (km/h) Heat Cool Avg Mean Deg Deg Wind Dom Day Temp High Time Low Time Days Days Rain Speed High Time Dir ---------------------------------------------------------------------------------- 1 21,9 29,0 16:09 15,7 03:20 0,4 4,0 0,0 3,9 14,0 07:17 E 2 21,5 28,1 14:36 15,3 06:24 0,4 3,7 0,0 3,2 13,7 12:32 ENE 3 23,8 30,7 15:43 16,8 04:49 0,2 5,7 0,0 1,6 13,0 13:09 OSO 4 25,3 32,4 15:58 17,0 05:20 0,1 7,1 0,0 1,7 10,1 16:24 SO 5 24,9 31,5 15:47 19,3 05:52 0,0 6,6 0,0 1,4 12,6 15:18 NNO 6 22,6 28,3 15:51 18,0 22:00 0,0 4,3 3,3 3,6 21,2 18:35 S 7 21,5 28,1 15:33 17,5 05:42 0,1 3,2 0,6 2,5 18,0 15:52 NE 8 22,3 28,6 14:08 18,7 00:35 0,0 4,0 0,0 1,3 15,8 15:31 O 9 23,4 32,9 16:03 17,3 03:54 0,1 5,2 0,0 1,9 11,9 15:19 ONO 10 23,9 30,2 16:32 17,4 05:01 0,1 5,7 0,0 1,9 16,9 11:31 E 11 23,8 30,7 15:56 18,7 07:56 0,0 5,5 2,8 2,0 20,2 17:44 E 12 25,7 33,7 16:48 16,9 05:41 0,1 7,5 0,0 1,5 13,7 14:13 O 13 28,1 36,0 15:31 19,5 05:58 0,0 9,7 0,0 2,7 14,0 23:20 OSO 14 26,5 31,6 17:39 21,4 05:44 0,0 8,2 0,0 5,7 17,3 09:28 ENE 15 26,1 31,1 17:40 21,9 06:05 0,0 7,8 0,0 4,6 15,8 00:17 E 16 25,3 30,5 15:28 20,2 05:20 0,0 6,9 0,0 3,5 14,0 17:51 ENE 17 27,5 34,0 16:35 20,8 05:23 0,0 9,2 0,0 2,3 13,0 11:29 ESE 18 28,2 34,8 15:42 22,9 06:05 0,0 9,9 0,0 2,1 12,2 10:01 NE 19 26,8 34,2 15:42 21,1 05:44 0,0 8,5 0,0 2,3 12,6 14:17 O 20 26,5 32,4 16:00 21,0 05:29 0,0 8,1 0,0 2,4 14,0 12:50 SE 21 27,2 33,9 14:12 20,9 05:21 0,0 8,9 0,0 2,4 19,4 18:46 S 22 26,8 34,0 14:56 19,4 05:30 0,0 8,4 0,0 1,6 10,1 15:21 NNE 23 25,4 32,8 14:47 19,8 05:04 0,0 7,0 0,8 1,5 14,0 17:18 ONO 24 25,6 33,8 14:44 18,5 05:20 0,0 7,3 0,0 1,4 27,0 18:06 SSO 25 25,2 32,6 14:23 17,6 04:49 0,1 6,9 0,0 2,0 13,7 11:17 O 26 26,1 32,5 16:30 18,7 05:04 0,0 7,8 0,0 2,0 16,9 13:33 SE 27 27,4 33,4 14:22 20,5 05:54 0,0 9,0 0,0 1,1 14,0 15:31 NE 28 28,0 34,2 16:00 21,5 06:22 0,0 9,7 1,1 2,6 17,3 12:22 E 29 27,6 33,2 14:38 21,1 06:04 0,0 9,3 0,0 4,3 23,0 15:57 SSE 30 25,6 33,0 15:58 19,2 06:06 0,0 7,2 0,0 2,3 15,5 17:06 ONO ---------------------------------------------------------------------------------- 25,3 36,0 13 15,3 2 1,6 212,3 8,6 2,4 27,0 24 E Max >= 27,0: 30 Max <= 0,0: 0 Min <= 0,0: 0 Min <= -18,0: 0 Max Rain: 3,3 on day 6 Days of Rain: 5 (>= 0,2 mm) 2 (>= 2,0 mm) 0 (>= 20,0 mm) Heat Base: 18,3 Cool Base: 18,3 Method: Integration