Cliccate su un Anno o un Mese per visualizzare il corrispondente resoconto
Resoconto relativo a 2019 Set
Monthly Climatological Summary for set 2019 Name: Oregon City: Soresina State: Italia Elevation: 70 m Lat: N 45° 17' 27" Lon: E 009° 50' 41" Temperature (°C), Rain (mm), Wind Speed (km/h) Heat Cool Avg Mean Deg Deg Wind Dom Day Temp High Time Low Time Days Days Rain Speed High Time Dir ---------------------------------------------------------------------------------- 1 26,9 35,4 15:18 19,4 06:45 0,0 8,6 0,0 1,4 10,1 14:45 NO 2 24,6 31,4 16:53 20,1 09:19 0,0 6,3 4,7 2,3 25,2 07:55 NE 3 24,3 30,3 16:26 19,5 04:56 0,0 6,0 0,0 3,8 17,3 11:10 E 4 23,5 30,1 17:41 19,1 05:31 0,0 5,2 0,0 2,6 13,7 09:14 E 5 22,9 29,0 13:26 17,1 06:04 0,1 4,7 0,5 2,7 15,1 20:49 ENE 6 17,8 23,3 15:12 15,1 07:06 1,3 0,8 10,8 1,5 13,0 00:12 OSO 7 20,1 26,8 16:43 15,7 07:06 0,6 2,4 0,0 0,8 10,4 15:31 OSO 8 17,7 20,9 16:07 14,6 09:33 1,0 0,4 22,3 3,0 15,5 05:14 ENE 9 18,9 27,5 16:25 12,1 06:30 1,8 2,4 1,8 1,8 12,6 11:15 O 10 19,2 24,7 15:00 13,9 07:28 1,1 2,0 0,0 3,7 17,6 12:09 E 11 21,3 29,6 16:40 14,9 06:48 0,7 3,7 0,0 1,7 11,9 10:34 OSO 12 22,6 31,0 16:34 15,5 07:00 0,5 4,8 0,0 1,0 10,4 15:48 SE 13 23,4 31,6 17:25 16,7 06:39 0,1 5,3 0,0 1,4 10,4 11:00 ENE 14 23,2 30,2 16:28 16,2 07:15 0,2 5,1 0,0 1,9 12,2 15:05 E 15 23,1 31,5 15:49 17,3 07:07 0,1 4,8 0,0 0,7 9,7 05:52 SO 16 23,9 32,5 15:54 18,4 06:43 0,0 5,6 0,0 0,8 10,1 14:02 OSO 17 25,1 32,9 16:37 18,9 05:19 0,0 6,8 0,0 1,4 13,7 12:21 O 18 22,6 29,7 16:24 18,9 23:56 0,0 4,2 21,0 2,7 25,6 19:38 E 19 18,1 21,5 17:28 15,2 08:24 0,8 0,7 0,0 4,1 17,3 05:01 E 20 18,2 22,3 16:21 14,2 07:37 1,0 0,9 0,0 3,7 20,2 13:46 E 21 17,0 23,4 15:42 10,1 07:27 2,5 1,2 0,0 1,3 10,4 15:23 ESE 22 17,2 20,2 14:18 15,1 23:15 1,4 0,2 0,5 1,0 10,4 10:30 SSO 23 16,4 19,6 15:21 14,6 23:06 2,0 0,1 1,3 0,2 9,0 06:42 SO 24 18,5 26,5 15:31 11,8 06:36 1,9 2,1 0,0 0,8 7,9 14:30 OSO 25 19,1 25,7 16:37 14,1 06:54 1,2 2,0 0,0 1,1 9,4 17:32 S 26 20,5 27,1 17:12 16,3 00:00 0,2 2,4 0,0 1,5 12,2 06:45 E 27 20,8 26,8 14:33 16,1 05:26 0,4 2,9 0,0 1,5 11,5 14:03 ENE 28 22,3 29,0 14:34 17,6 07:36 0,1 4,1 0,0 0,6 9,0 14:39 N 29 21,8 29,3 16:15 16,6 07:34 0,3 3,8 0,0 0,7 9,0 17:01 OSO 30 22,0 30,2 16:29 16,2 06:44 0,4 4,1 0,0 1,5 19,1 12:46 O ---------------------------------------------------------------------------------- 21,1 35,4 1 10,1 21 19,7 103,6 62,9 1,8 25,6 18 E Max >= 27,0: 18 Max <= 0,0: 0 Min <= 0,0: 0 Min <= -18,0: 0 Max Rain: 22,3 on day 8 Days of Rain: 8 (>= 0,2 mm) 4 (>= 2,0 mm) 2 (>= 20,0 mm) Heat Base: 18,3 Cool Base: 18,3 Method: Integration