Cliccate su un Anno o un Mese per visualizzare il corrispondente resoconto
Resoconto relativo a 2019 Apr
Monthly Climatological Summary for apr 2019 Name: Oregon City: Soresina State: Italia Elevation: 70 m Lat: N 45° 17' 27" Lon: E 009° 50' 41" Temperature (°C), Rain (mm), Wind Speed (km/h) Heat Cool Avg Mean Deg Deg Wind Dom Day Temp High Time Low Time Days Days Rain Speed High Time Dir ---------------------------------------------------------------------------------- 1 15,1 23,1 16:08 4,8 07:03 4,6 1,4 0,0 1,8 17,6 12:07 E 2 16,0 22,8 14:48 8,5 07:24 3,2 0,9 0,0 3,5 14,0 12:06 E 3 13,0 16,4 10:47 9,1 07:00 5,2 0,0 0,0 3,6 17,6 22:16 ENE 4 11,3 12,9 14:12 8,8 21:15 7,0 0,0 14,7 7,4 31,0 06:20 ENE 5 12,4 19,1 16:55 8,4 05:20 5,9 0,0 0,0 3,0 12,2 09:48 O 6 12,8 15,9 15:17 10,2 04:47 5,5 0,0 0,0 4,3 15,8 18:02 ENE 7 11,6 16,8 15:12 8,7 23:35 6,7 0,0 1,8 2,7 9,0 00:02 NE 8 13,7 21,5 17:33 6,7 06:44 5,0 0,5 0,0 2,6 14,0 12:13 NNO 9 15,2 22,2 14:29 9,8 07:41 3,5 0,5 1,3 2,9 17,3 16:15 N 10 14,5 21,9 15:52 9,7 07:06 4,1 0,3 0,0 2,0 16,2 17:09 N 11 12,9 14,8 16:39 11,7 05:49 5,4 0,0 20,9 2,8 14,0 13:21 E 12 13,9 17,4 15:51 11,4 06:31 4,4 0,0 1,1 3,8 17,3 11:54 E 13 11,9 14,9 16:11 9,7 07:02 6,4 0,0 0,0 5,8 19,4 15:53 ENE 14 9,3 11,0 00:00 8,1 04:49 9,0 0,0 7,5 4,6 20,2 02:37 N 15 13,9 19,5 16:34 8,8 07:06 4,6 0,1 0,0 2,4 10,4 14:06 S 16 14,7 22,0 16:26 7,3 06:20 4,2 0,6 0,0 1,7 11,5 14:44 ENE 17 16,5 24,5 16:55 8,3 06:09 3,3 1,5 0,0 1,3 10,1 14:05 O 18 16,4 22,0 16:51 11,0 04:18 2,8 0,9 0,0 4,8 20,9 10:13 E 19 16,7 22,8 15:28 9,7 06:58 2,7 1,1 0,0 2,8 12,6 13:42 E 20 17,5 24,2 16:30 9,1 06:52 2,6 1,8 0,0 2,5 17,3 16:10 E 21 18,2 24,4 14:07 12,0 06:05 1,9 1,8 0,0 3,2 17,6 14:27 E 22 16,3 20,9 14:57 13,1 06:26 2,3 0,3 0,0 7,3 30,6 23:19 E 23 14,2 15,5 00:00 13,3 03:39 4,1 0,0 21,7 9,4 31,7 18:14 ENE 24 16,8 19,6 11:37 14,8 00:08 1,6 0,1 0,8 5,5 16,9 00:14 E 25 15,7 18,8 13:34 11,1 05:45 2,6 0,0 0,7 4,0 17,6 17:58 ENE 26 16,3 22,5 14:32 11,9 23:56 2,4 0,4 0,0 5,3 24,5 14:35 ESE 27 16,2 24,6 15:59 8,0 05:58 3,6 1,5 0,0 2,5 17,3 14:51 ONO 28 14,6 19,7 14:44 10,6 07:06 3,7 0,0 0,0 4,6 24,8 15:03 ESE 29 11,6 16,1 18:01 8,7 05:00 6,7 0,0 0,0 4,2 14,0 12:17 SSE 30 15,6 24,0 16:52 7,0 06:35 4,2 1,5 0,0 2,1 16,2 14:17 O ---------------------------------------------------------------------------------- 14,5 24,6 27 4,8 1 129,2 15,2 70,5 3,8 31,7 23 ENE Max >= 27,0: 0 Max <= 0,0: 0 Min <= 0,0: 0 Min <= -18,0: 0 Max Rain: 21,7 on day 23 Days of Rain: 9 (>= 0,2 mm) 4 (>= 2,0 mm) 2 (>= 20,0 mm) Heat Base: 18,3 Cool Base: 18,3 Method: Integration