Cliccate su un Anno o un Mese per visualizzare il corrispondente resoconto
Resoconto relativo a 2019 Gen
Monthly Climatological Summary for gen 2019 Name: Oregon City: Soresina State: Italia Elevation: 70 m Lat: N 45° 17' 27" Lon: E 009° 50' 41" Temperature (°C), Rain (mm), Wind Speed (km/h) Heat Cool Avg Mean Deg Deg Wind Dom Day Temp High Time Low Time Days Days Rain Speed High Time Dir ---------------------------------------------------------------------------------- 1 2,5 4,8 14:35 0,4 02:32 15,8 0,0 0,0 0,0 4,0 06:21 OSO 2 2,8 7,3 16:10 0,9 04:11 15,4 0,0 0,3 0,3 11,9 19:14 NO 3 2,1 10,0 14:55 -2,9 23:58 16,2 0,0 0,0 0,0 1,8 12:03 ONO 4 0,1 8,2 14:48 -4,7 06:06 18,2 0,0 0,0 0,0 0,0 00:00 --- 5 0,2 7,2 15:56 -3,8 05:05 18,1 0,0 0,0 0,0 5,4 13:37 OSO 6 2,3 11,3 14:03 -3,0 07:45 16,0 0,0 0,0 0,0 5,0 13:07 OSO 7 2,3 9,7 15:05 -2,7 08:12 16,0 0,0 0,0 0,0 7,9 03:40 E 8 1,3 3,1 14:39 -1,6 02:12 16,9 0,0 0,0 0,0 0,0 00:00 --- 9 4,4 11,5 12:24 -0,4 08:39 13,9 0,0 0,0 1,5 17,3 12:01 NO 10 3,3 11,1 14:43 -0,9 05:42 15,0 0,0 0,0 0,6 9,0 12:24 OSO 11 2,1 9,4 12:51 -3,2 07:02 16,2 0,0 0,0 0,4 6,8 15:07 S 12 1,1 8,2 15:22 -3,0 07:58 17,2 0,0 0,0 0,7 7,6 16:00 SO 13 1,8 9,4 14:21 -3,1 07:45 16,5 0,0 0,0 0,6 11,2 12:58 SE 14 8,3 16,1 14:02 0,7 00:48 10,0 0,0 0,0 5,9 31,7 13:14 NO 15 6,4 13,3 15:18 1,1 23:58 11,9 0,0 0,0 1,3 11,9 00:01 OSO 16 4,8 11,9 13:41 -1,3 05:19 13,5 0,0 0,0 0,9 9,0 20:43 SO 17 5,4 6,8 00:28 4,3 07:55 12,9 0,0 1,2 0,6 9,7 10:12 E 18 5,8 9,6 14:05 4,0 22:54 12,5 0,0 0,0 0,5 14,0 18:09 E 19 4,5 7,0 15:40 2,3 21:32 13,8 0,0 0,3 1,6 19,1 02:51 ESE 20 3,0 8,6 15:07 0,2 07:48 15,2 0,0 0,0 0,5 6,8 13:37 SSO 21 1,9 5,8 14:56 -1,1 04:39 16,4 0,0 0,0 0,7 7,9 13:03 SO 22 -0,2 8,6 13:41 -4,9 08:31 18,5 0,0 0,0 0,8 10,4 15:10 SO 23 0,9 3,7 14:08 -3,2 02:35 17,3 0,0 0,0 2,2 16,6 10:42 E 24 3,1 8,9 15:26 0,1 23:58 15,2 0,0 0,2 0,7 10,4 13:16 OSO 25 0,6 8,0 15:09 -5,2 08:01 17,7 0,0 0,0 0,6 8,6 14:25 SSO 26 0,9 7,1 14:24 -3,0 05:28 17,4 0,0 0,0 0,8 9,0 15:41 E 27 1,0 2,7 13:27 -1,6 01:04 17,3 0,0 0,2 0,1 6,8 23:03 OSO 28 2,6 7,6 16:06 -1,7 23:56 15,7 0,0 0,0 1,7 16,2 14:38 SO 29 1,9 11,7 15:30 -4,3 06:10 16,4 0,0 0,0 1,4 11,9 22:39 E 30 2,8 5,0 14:10 1,6 23:40 15,5 0,0 0,5 1,4 13,0 02:14 ENE 31 1,2 2,9 16:20 -1,7 03:55 17,1 0,0 2,1 0,0 0,0 00:00 OSO ---------------------------------------------------------------------------------- 2,6 16,1 14 -5,2 25 485,7 0,0 4,8 0,8 31,7 14 O Max >= 27,0: 0 Max <= 0,0: 0 Min <= 0,0: 21 Min <= -18,0: 0 Max Rain: 2,1 on day 31 Days of Rain: 7 (>= 0,2 mm) 1 (>= 2,0 mm) 0 (>= 20,0 mm) Heat Base: 18,3 Cool Base: 18,3 Method: Integration