Cliccate su un Anno o un Mese per visualizzare il corrispondente resoconto
Resoconto relativo a 2017 Giu
Monthly Climatological Summary for giu 2017 Name: Oregon City: Soresina State: Italia Elevation: 70 m Lat: N 45° 17' 27" Lon: E 009° 50' 41" Temperature (°C), Rain (mm), Wind Speed (km/h) Heat Cool Avg Mean Deg Deg Wind Dom Day Temp High Time Low Time Days Days Rain Speed High Time Dir ---------------------------------------------------------------------------------- 1 25,9 33,1 16:33 18,3 06:20 0,0 7,7 0,0 1,1 14,0 16:39 O 2 25,9 33,4 16:54 18,4 05:10 0,0 7,6 0,0 0,7 11,9 14:25 O 3 26,2 34,1 16:44 18,6 06:02 0,0 7,9 0,0 0,8 13,0 13:42 SO 4 25,1 31,4 17:12 19,7 04:47 0,0 6,8 0,0 0,5 16,9 10:12 NNO 5 22,1 27,3 13:55 19,0 23:32 0,0 3,8 16,7 2,4 19,4 15:35 ENE 6 21,1 26,7 16:36 17,8 23:59 0,0 2,8 0,0 1,2 15,5 12:01 NE 7 21,8 29,4 15:56 14,2 05:49 0,8 4,3 0,0 0,9 16,6 23:37 SO 8 21,4 27,9 18:07 15,6 04:45 0,5 3,6 0,0 1,6 16,9 01:56 E 9 23,4 30,2 15:14 16,2 04:44 0,3 5,4 0,0 0,1 6,8 09:51 NNE 10 25,4 32,5 15:01 17,9 06:15 0,0 7,2 0,0 0,5 11,9 15:27 ESE 11 26,3 32,3 16:58 20,1 06:01 0,0 8,0 0,0 1,5 16,9 11:45 E 12 27,8 35,5 17:02 20,2 05:45 0,0 9,5 0,0 0,2 9,7 17:32 NO 13 28,5 36,0 17:10 22,2 04:06 0,0 10,2 0,0 0,4 11,9 17:30 ESE 14 27,1 33,4 17:27 20,7 22:51 0,0 8,8 13,2 1,4 24,8 20:59 E 15 25,0 30,5 16:42 20,7 03:37 0,0 6,0 0,2 1,5 12,6 12:08 ENE 16 27,9 34,6 14:28 20,9 06:14 0,0 9,6 0,0 0,4 11,9 17:16 SO 17 28,0 32,8 17:46 23,3 06:11 0,0 9,7 0,0 1,7 21,2 22:29 E 18 25,6 30,0 16:21 20,5 05:47 0,0 7,3 0,0 3,2 17,3 07:30 ENE 19 25,8 32,7 16:47 18,7 04:54 0,0 7,5 0,0 0,4 10,8 17:54 ESE 20 28,1 36,1 17:05 20,1 06:03 0,0 9,8 0,0 0,1 8,6 14:03 O 21 28,3 36,6 17:16 20,9 05:43 0,0 10,0 0,0 0,3 11,5 13:23 OSO 22 29,4 36,9 16:19 21,7 06:00 0,0 11,1 0,0 0,3 10,4 10:18 SO 23 29,3 36,3 15:33 22,2 05:25 0,0 11,0 0,0 1,2 16,2 13:27 ONO 24 30,0 37,5 16:52 22,2 05:37 0,0 11,7 0,0 0,0 7,9 23:28 O 25 26,1 33,5 17:25 19,9 08:29 0,0 7,8 0,5 3,0 36,4 07:43 NNE 26 25,9 33,1 14:47 20,7 06:16 0,0 7,6 0,0 3,6 16,2 09:22 ENE 27 24,6 30,5 16:51 20,4 05:52 0,0 6,2 0,2 3,2 14,0 19:06 NNE 28 23,2 30,3 12:07 17,7 23:41 0,0 4,8 7,6 6,7 25,6 17:11 E 29 21,7 28,2 15:42 17,4 03:24 0,2 3,6 5,2 4,1 28,1 15:54 S 30 21,8 28,4 12:53 15,3 05:54 0,4 3,9 0,0 3,5 16,6 00:05 NE ---------------------------------------------------------------------------------- 25,6 37,5 24 14,2 7 2,2 221,2 43,6 1,6 36,4 25 ENE Max >= 27,0: 29 Max <= 0,0: 0 Min <= 0,0: 0 Min <= -18,0: 0 Max Rain: 16,7 on day 5 Days of Rain: 7 (>= 0,2 mm) 4 (>= 2,0 mm) 0 (>= 20,0 mm) Heat Base: 18,3 Cool Base: 18,3 Method: Integration