Cliccate su un Anno o un Mese per visualizzare il corrispondente resoconto
Resoconto relativo a 2016 Lug
Monthly Climatological Summary for lug 2016 Name: Oregon City: Soresina State: Italia Elevation: 70 m Lat: N 45° 17' 27" Lon: E 009° 50' 41" Temperature (°C), Rain (mm), Wind Speed (km/h) Heat Cool Avg Mean Deg Deg Wind Dom Day Temp High Time Low Time Days Days Rain Speed High Time Dir ---------------------------------------------------------------------------------- 1 27,2 33,4 17:53 20,2 05:23 0,0 8,9 0,0 1,7 11,2 14:39 OSO 2 26,6 34,3 16:58 21,5 23:49 0,0 8,3 0,3 2,3 13,0 19:19 N 3 26,6 34,5 17:41 20,0 02:57 0,0 8,3 0,0 3,0 20,2 22:42 SO 4 25,0 29,3 16:40 22,1 06:02 0,0 6,7 0,0 5,7 22,3 13:06 E 5 27,1 34,0 15:38 19,8 05:40 0,0 8,8 0,0 1,6 10,4 16:19 ONO 6 27,8 35,2 17:33 20,5 06:58 0,0 9,5 0,0 2,2 11,2 01:35 SSO 7 27,3 32,9 16:40 20,8 05:55 0,0 9,0 0,0 4,3 21,6 13:39 E 8 27,4 33,1 17:54 22,6 05:58 0,0 9,1 0,0 4,0 14,4 07:28 E 9 28,3 36,4 17:24 21,1 06:20 0,0 10,0 0,0 1,6 10,8 12:20 SO 10 29,5 35,3 16:48 23,2 06:06 0,0 11,2 0,0 3,3 13,7 11:18 E 11 30,3 37,9 16:38 24,2 06:03 0,0 12,0 0,0 2,7 10,4 04:25 E 12 26,1 32,9 13:34 21,1 07:30 0,0 7,8 3,9 3,0 13,0 06:50 NNO 13 25,6 31,9 17:24 16,9 23:53 0,0 7,3 0,0 4,6 25,6 21:32 NO 14 22,8 31,0 17:43 15,0 05:44 0,7 5,2 0,0 4,7 21,2 20:00 ONO 15 23,1 29,9 16:44 15,4 06:15 0,3 5,1 0,0 3,3 13,7 12:05 ESE 16 22,7 31,1 17:17 14,7 05:54 0,7 5,1 0,0 2,2 11,9 12:27 OSO 17 24,7 32,4 18:05 15,4 06:00 0,2 6,6 0,0 3,2 16,9 02:25 NNE 18 26,7 35,1 16:55 18,1 04:24 0,0 8,4 0,0 1,9 10,1 16:22 ONO 19 27,4 35,6 17:50 19,8 05:15 0,0 9,1 0,0 1,6 12,6 15:31 ESE 20 29,0 36,8 16:39 22,0 05:41 0,0 10,7 0,0 2,1 11,5 13:21 E 21 27,8 34,2 16:46 23,1 05:10 0,0 9,5 0,0 3,1 16,2 00:01 E 22 25,2 25,2 00:00 25,2 00:00 0,0 6,9 0,0 1,3 3,6 00:03 ENE 23 25,9 29,8 17:55 23,5 23:10 0,0 7,6 0,0 1,9 15,8 15:31 E 24 25,8 33,4 15:01 20,3 06:13 0,0 7,5 0,0 1,7 10,4 14:27 ONO 25 28,0 36,2 17:19 20,5 06:26 0,0 9,7 0,0 2,2 25,2 23:23 NNO 26 27,4 34,9 14:36 21,3 06:58 0,0 9,1 0,0 2,7 17,3 00:25 N 27 27,3 33,7 17:31 19,8 23:57 0,0 9,0 1,1 1,9 26,6 23:58 N 28 25,4 33,3 16:55 18,4 06:21 0,0 7,1 1,2 2,9 17,3 00:23 N 29 27,5 35,1 17:13 19,9 06:18 0,0 9,2 0,0 2,4 12,6 14:09 NE 30 28,9 35,3 16:57 21,7 05:55 0,0 10,6 0,0 1,6 16,6 15:29 ONO 31 25,5 30,2 18:01 19,8 23:36 0,0 7,2 12,9 3,5 19,8 13:06 NNE ---------------------------------------------------------------------------------- 26,6 37,9 11 14,7 16 1,9 260,5 19,4 2,7 26,6 27 NNE Max >= 27,0: 30 Max <= 0,0: 0 Min <= 0,0: 0 Min <= -18,0: 0 Max Rain: 12,9 on day 31 Days of Rain: 5 (>= 0,2 mm) 2 (>= 2,0 mm) 0 (>= 20,0 mm) Heat Base: 18,3 Cool Base: 18,3 Method: Integration