Cliccate su un Anno o un Mese per visualizzare il corrispondente resoconto
Resoconto relativo a 2015 Giu
Monthly Climatological Summary for giu 2015 Name: Oregon City: Soresina State: Italia Elevation: 70 m Lat: N 45° 17' 27" Lon: E 009° 50' 41" Temperature (°C), Rain (mm), Wind Speed (km/h) Heat Cool Avg Mean Deg Deg Wind Dom Day Temp High Time Low Time Days Days Rain Speed High Time Dir ---------------------------------------------------------------------------------- 1 23,0 29,2 16:03 16,1 05:35 0,2 5,0 0,0 1,7 20,9 17:23 S 2 24,9 32,7 17:21 17,3 06:04 0,1 6,7 0,0 0,9 10,4 17:23 ONO 3 26,5 34,0 17:15 18,1 05:29 0,0 8,2 0,0 1,0 10,4 14:19 OSO 4 27,5 34,3 15:48 20,3 05:38 0,0 9,2 0,0 1,4 12,6 13:46 SSE 5 28,6 34,8 17:07 22,1 05:01 0,0 10,3 0,0 2,1 13,7 11:13 SE 6 28,6 35,3 15:49 22,2 05:54 0,0 10,3 0,0 2,5 15,1 22:48 E 7 28,2 35,6 16:35 21,7 06:06 0,0 9,9 1,3 2,4 12,2 21:57 SSO 8 26,4 32,4 16:42 20,8 23:45 0,0 8,1 0,0 4,0 17,3 00:11 NNE 9 25,2 32,3 14:46 19,3 05:44 0,0 6,9 0,5 2,1 15,8 18:28 ONO 10 23,1 30,9 15:51 18,7 06:48 0,0 4,8 13,8 2,6 17,3 16:48 SE 11 25,5 31,9 16:08 18,2 06:02 0,0 7,2 0,0 1,6 14,0 14:15 SSE 12 24,9 31,8 13:44 19,6 05:46 0,0 6,6 0,0 2,3 15,5 16:59 ONO 13 24,9 31,9 15:01 20,4 05:56 0,0 6,6 0,0 1,9 10,4 15:20 NO 14 20,7 24,8 10:46 18,4 23:48 0,0 2,4 17,7 3,5 27,4 11:56 ENE 15 22,3 29,8 17:41 17,7 03:33 0,1 4,1 1,0 2,1 15,5 19:50 ONO 16 21,4 28,3 12:33 17,7 03:51 0,1 3,2 13,5 2,1 17,3 14:47 NO 17 21,4 26,8 17:06 17,4 03:56 0,2 3,3 0,3 3,3 13,7 14:12 SE 18 23,0 29,2 15:06 18,4 06:34 0,0 3,7 0,0 3,4 16,6 08:55 ENE 19 22,4 27,6 00:00 18,6 05:46 0,0 1,0 11,5 ---- 19,8 02:37 E 20 21,7 28,6 14:56 16,6 06:13 0,3 3,5 0,0 4,5 20,9 19:03 E 21 22,2 29,4 17:14 15,9 05:22 0,3 4,2 0,0 2,3 12,6 00:34 ENE 22 22,6 27,8 15:42 17,3 05:45 0,1 4,4 0,0 4,7 16,2 03:03 E 23 24,0 32,2 16:20 18,7 05:41 0,0 5,7 0,0 3,6 30,6 23:56 E 24 21,0 26,2 16:58 15,1 05:26 0,6 3,3 0,0 6,4 31,3 00:15 E 25 22,8 30,3 16:45 16,6 04:12 0,3 4,7 0,0 3,2 19,4 17:49 E 26 24,3 31,3 17:47 17,0 06:00 0,1 6,1 0,0 1,7 12,6 14:41 S 27 26,1 33,4 16:48 19,4 05:56 0,0 7,8 0,0 2,2 21,2 21:58 ENE 28 25,8 32,1 16:47 18,3 05:36 0,0 7,5 0,0 2,9 17,6 00:42 ESE 29 26,0 31,0 16:12 21,4 06:10 0,0 7,7 0,0 4,5 16,9 08:18 ENE 30 26,3 32,0 16:43 20,6 05:48 0,0 8,0 0,0 3,8 16,6 11:24 E ---------------------------------------------------------------------------------- 24,4 35,6 7 15,1 24 2,4 180,4 59,6 2,8 31,3 24 E Max >= 27,0: 27 Max <= 0,0: 0 Min <= 0,0: 0 Min <= -18,0: 0 Max Rain: 17,7 on day 14 Days of Rain: 8 (>= 0,2 mm) 4 (>= 2,0 mm) 0 (>= 20,0 mm) Heat Base: 18,3 Cool Base: 18,3 Method: Integration