Cliccate su un Anno o un Mese per visualizzare il corrispondente resoconto
Resoconto relativo a 2015 Mar
Monthly Climatological Summary for mar 2015 Name: Oregon City: Soresina State: Italia Elevation: 70 m Lat: N 45° 17' 27" Lon: E 009° 50' 41" Temperature (°C), Rain (mm), Wind Speed (km/h) Heat Cool Avg Mean Deg Deg Wind Dom Day Temp High Time Low Time Days Days Rain Speed High Time Dir ---------------------------------------------------------------------------------- 1 8,2 16,2 14:21 2,6 03:26 10,1 0,0 0,0 1,4 13,7 15:25 OSO 2 9,3 12,6 16:45 7,1 23:27 9,0 0,0 0,0 1,9 12,2 15:33 OSO 3 9,0 16,3 15:46 2,1 07:11 9,3 0,0 0,0 3,3 20,2 12:23 E 4 7,5 14,8 14:12 1,5 04:30 10,8 0,0 7,2 1,8 19,4 23:01 NO 5 10,0 17,0 14:59 3,0 07:09 8,3 0,0 0,2 2,6 25,2 19:21 ENE 6 8,5 16,1 14:58 1,3 05:37 9,8 0,0 0,0 1,8 10,1 00:03 ESE 7 8,3 15,8 16:00 2,3 06:53 10,0 0,0 0,0 1,9 16,6 13:23 ENE 8 7,8 16,5 14:32 0,6 06:38 10,5 0,0 0,0 1,2 13,0 11:03 SE 9 6,9 12,8 13:37 0,8 06:29 11,4 0,0 0,0 1,3 13,7 11:58 ESE 10 9,5 18,1 16:26 2,3 06:48 8,7 0,0 0,0 1,1 9,7 12:04 OSO 11 11,9 19,9 15:04 5,6 06:21 6,5 0,2 0,0 2,4 14,8 22:27 E 12 10,7 17,5 15:39 5,0 06:59 7,6 0,0 0,0 2,0 13,0 16:11 SE 13 9,8 18,9 15:23 2,1 06:31 8,5 0,0 0,0 2,2 14,0 23:07 ENE 14 10,1 15,1 14:34 6,1 07:12 8,2 0,0 0,0 3,7 14,0 00:18 ENE 15 9,9 14,2 14:34 5,9 06:43 8,4 0,0 0,6 8,8 40,3 23:04 ENE 16 8,7 9,8 10:30 8,0 19:18 9,6 0,0 12,4 7,2 32,0 05:23 ENE 17 10,0 13,7 14:11 8,0 00:00 8,3 0,0 6,7 1,6 19,4 01:22 N 18 10,2 16,9 15:06 4,5 06:46 8,1 0,0 0,0 1,2 13,7 12:43 E 19 11,3 17,9 15:38 4,6 06:15 7,0 0,0 0,0 1,6 13,0 14:29 E 20 11,2 18,0 15:15 4,3 06:24 7,1 0,0 0,0 1,5 11,2 13:26 E 21 11,6 16,6 14:33 8,3 05:32 6,7 0,0 1,6 2,7 11,2 11:45 E 22 9,4 13,3 17:07 6,7 23:41 8,9 0,0 3,1 3,9 29,9 13:58 ENE 23 11,0 17,5 14:32 3,1 06:48 7,2 0,0 0,0 1,6 11,9 13:40 SE 24 12,7 16,2 15:17 9,3 05:02 5,6 0,0 0,6 3,4 16,6 13:34 ENE 25 11,2 13,4 10:00 9,9 20:25 7,1 0,0 14,9 4,6 41,4 13:38 NE 26 11,8 15,4 13:26 9,7 03:46 6,5 0,0 1,3 1,4 10,4 12:04 SSO 27 13,5 20,6 14:19 8,6 06:12 5,1 0,3 0,0 2,3 16,9 15:50 SSE 28 13,9 21,5 14:46 4,7 05:33 4,9 0,5 0,0 1,1 11,9 12:56 SO 29 13,9 19,5 17:27 7,6 07:28 4,3 0,1 0,0 2,5 12,6 11:21 E 30 15,3 23,9 16:26 7,3 07:25 4,2 1,2 0,0 3,6 21,2 19:33 ONO 31 16,6 26,0 17:47 8,6 05:22 3,3 1,5 0,0 3,4 20,5 21:17 O ---------------------------------------------------------------------------------- 10,6 26,0 31 0,6 8 241,0 3,8 48,6 2,6 41,4 25 E Max >= 27,0: 0 Max <= 0,0: 0 Min <= 0,0: 0 Min <= -18,0: 0 Max Rain: 14,9 on day 25 Days of Rain: 10 (>= 0,2 mm) 5 (>= 2,0 mm) 0 (>= 20,0 mm) Heat Base: 18,3 Cool Base: 18,3 Method: Integration